{"id":6,"date":"2009-10-21T12:55:29","date_gmt":"2009-10-21T10:55:29","guid":{"rendered":"http:\/\/zukunftsenergie-fuer-unsere-stadt.de\/?page_id=2"},"modified":"2018-04-19T17:58:37","modified_gmt":"2018-04-19T15:58:37","slug":"eine-seite","status":"publish","type":"page","link":"https:\/\/www.zukunftsenergie-fuer-unsere-stadt.de\/","title":{"rendered":"Startseite"},"content":{"rendered":"<h1>Landhausen und St\u00fcbecken zeigen Zukunftsenergien<\/h1>\n<div>\n<p><strong>Mehr als eine Million Besucher haben sich die Landesgartenschau und damit auch das Stadtteilmosaik angesehen. Doch auch nach der Landesgartenschau wird das gemeinsame Projekt von Landhausen und St\u00fcbecken fortgef\u00fchrt. Daf\u00fcr wurde eigens der Verein &#8222;Zukunftsenergie f\u00fcr unsere Stadt e.V.&#8220; gegr\u00fcndet.<\/strong><\/p>\n<p>&nbsp;<\/p>\n<p>Ein ehrgeiziges Ziel konnte bereits realisiert werden. Seit dem 19.03.2012 produziert die vereinseigene Photovoltaikanlage Strom. Die Anlage befindet sich auf dem Dach des Feuerwehrger\u00e4tehauses Landhausen. In 2017 wurden \u00a010.770 kWh eingespeist.<\/p>\n<\/div>\n<p style=\"text-align: center;\"><a href=\"http:\/\/www.zukunftsenergie-fuer-unsere-stadt.de\/wp-content\/uploads\/2018\/04\/PVLandhausen.pdf\">PVLandhausen<\/a><\/p>\n<p>In der Zwischenzeit ist auch das Holzhaus aus dem Stadtteilmosaik wieder auf dem ehemaligen Landesgartenschaugel\u00e4nde, dem jetzigen Sauerlandpark, aufgebaut worden.<\/p>\n<div>\n<p style=\"text-align: center;\"><a href=\"http:\/\/www.zukunftsenergie-fuer-unsere-stadt.de\/wp-content\/uploads\/2013\/05\/Umweltverein2.jpg\"><img decoding=\"async\" loading=\"lazy\" class=\"alignnone size-medium wp-image-196\" src=\"http:\/\/www.zukunftsenergie-fuer-unsere-stadt.de\/wp-content\/uploads\/2013\/05\/Umweltverein2-300x109.jpg\" alt=\"\" width=\"300\" height=\"109\" srcset=\"https:\/\/www.zukunftsenergie-fuer-unsere-stadt.de\/wp-content\/uploads\/2013\/05\/Umweltverein2-300x109.jpg 300w, https:\/\/www.zukunftsenergie-fuer-unsere-stadt.de\/wp-content\/uploads\/2013\/05\/Umweltverein2.jpg 656w\" sizes=\"(max-width: 300px) 100vw, 300px\" \/><\/a><\/p>\n<p>&nbsp;<\/p>\n<p style=\"text-align: center;\">\n<\/div>\n","protected":false},"excerpt":{"rendered":"<p>Landhausen und St\u00fcbecken zeigen Zukunftsenergien Mehr als eine Million Besucher haben sich die Landesgartenschau und damit auch das Stadtteilmosaik angesehen. Doch auch nach der Landesgartenschau wird das gemeinsame Projekt von Landhausen und St\u00fcbecken fortgef\u00fchrt. Daf\u00fcr wurde eigens der Verein &#8222;Zukunftsenergie f\u00fcr unsere Stadt e.V.&#8220; gegr\u00fcndet. &nbsp; Ein ehrgeiziges Ziel konnte bereits realisiert werden. Seit dem [&hellip;]<\/p>\n","protected":false},"author":2,"featured_media":0,"parent":0,"menu_order":10,"comment_status":"open","ping_status":"open","template":"","meta":[],"_links":{"self":[{"href":"https:\/\/www.zukunftsenergie-fuer-unsere-stadt.de\/index.php?rest_route=\/wp\/v2\/pages\/6"}],"collection":[{"href":"https:\/\/www.zukunftsenergie-fuer-unsere-stadt.de\/index.php?rest_route=\/wp\/v2\/pages"}],"about":[{"href":"https:\/\/www.zukunftsenergie-fuer-unsere-stadt.de\/index.php?rest_route=\/wp\/v2\/types\/page"}],"author":[{"embeddable":true,"href":"https:\/\/www.zukunftsenergie-fuer-unsere-stadt.de\/index.php?rest_route=\/wp\/v2\/users\/2"}],"replies":[{"embeddable":true,"href":"https:\/\/www.zukunftsenergie-fuer-unsere-stadt.de\/index.php?rest_route=%2Fwp%2Fv2%2Fcomments&post=6"}],"version-history":[{"count":4,"href":"https:\/\/www.zukunftsenergie-fuer-unsere-stadt.de\/index.php?rest_route=\/wp\/v2\/pages\/6\/revisions"}],"predecessor-version":[{"id":388,"href":"https:\/\/www.zukunftsenergie-fuer-unsere-stadt.de\/index.php?rest_route=\/wp\/v2\/pages\/6\/revisions\/388"}],"wp:attachment":[{"href":"https:\/\/www.zukunftsenergie-fuer-unsere-stadt.de\/index.php?rest_route=%2Fwp%2Fv2%2Fmedia&parent=6"}],"curies":[{"name":"wp","href":"https:\/\/api.w.org\/{rel}","templated":true}]}}